{"id":126,"date":"2022-12-22T08:40:38","date_gmt":"2022-12-22T07:40:38","guid":{"rendered":"http:\/\/www.astro.cortesi.ch\/?page_id=126"},"modified":"2022-12-22T09:10:30","modified_gmt":"2022-12-22T08:10:30","slug":"kinder-persoenlichkeitsanalyse","status":"publish","type":"page","link":"http:\/\/www.astro.cortesi.ch\/index.php\/persoenlichkeitsanalysen\/kinder-persoenlichkeitsanalyse\/","title":{"rendered":"Kinderanalyse"},"content":{"rendered":"\n<p>Autorin: Anita Cortesi<\/p>\n\n\n\n<p>Eine Kinder-Pers\u00f6nlichkeitsanalyse ist die ausf\u00fchrliche Deutung des Geburtshoroskops mit dem psychologischen Hintergrund der Entwicklung des Kindes. Sie beschreibt Charakterz\u00fcge, Anlagen und besondere Herausforderungen im Leben des Kindes.<br><br>Die Kinder-Pers\u00f6nlichkeitsanalyse hilft Eltern und Erziehern, die individuelle Eigenart des Kindes zu verstehen und das Kind entsprechend zu f\u00f6rdern.<br><br>Die Kinder-Pers\u00f6nlichkeitsanalyse gibt u.a. Antwort auf folgende Fragen:<\/p>\n\n\n\n<ul class=\"wp-block-list\">\n<li>Wie zeigt sich Ihr Kind? Wie f\u00fchlt es?<\/li>\n\n\n\n<li>Wie gestalten Sie das Umfeld Ihres Kindes, damit es sich wohl f\u00fchlt?<\/li>\n\n\n\n<li>Was braucht Ihr Kind, um optimal lernen zu k\u00f6nnen?<\/li>\n\n\n\n<li>In welchen Bereichen braucht es Ihr spezielles Verst\u00e4ndnis und Ihre Hilfe, um seinen Weg zu finden?<\/li>\n\n\n\n<li>Wie k\u00f6nnen Sie es in der Entwicklung seiner Talente bestm\u00f6glich unterst\u00fctzen?<\/li>\n<\/ul>\n\n\n\n<p>Die Kinder-Pers\u00f6nlichkeitsanalyse gibt keine Antwort auf folgende Fragen:<\/p>\n\n\n\n<ul class=\"wp-block-list\">\n<li>Was wird aus Ihrem Kind?<\/li>\n\n\n\n<li>Wie gl\u00fccklich verl\u00e4uft seine Kindheit?<\/li>\n\n\n\n<li>Wie intelligent ist Ihr Kind?<\/li>\n\n\n\n<li><\/li>\n<\/ul>\n\n\n\n<p><a href=\"http:\/\/www.astro.cortesi.ch\/wp-content\/uploads\/2022\/12\/Kinderpersoenlichkeitsanalyse.pdf\" data-type=\"attachment\" data-id=\"84\">Beispiel einer Kinder-Pers\u00f6nlichkeitsanalyse<\/a><\/p>\n\n\n\n<div style=\"height:10px\" aria-hidden=\"true\" class=\"wp-block-spacer\"><\/div>\n\n\n\n<div class=\"wp-block-contact-form-7-contact-form-selector form-hintergrund\">\n<div class=\"wpcf7 no-js\" id=\"wpcf7-f120-o1\" lang=\"en-US\" dir=\"ltr\">\n<div class=\"screen-reader-response\"><p role=\"status\" aria-live=\"polite\" aria-atomic=\"true\"><\/p> <ul><\/ul><\/div>\n<form action=\"\/index.php\/wp-json\/wp\/v2\/pages\/126#wpcf7-f120-o1\" method=\"post\" class=\"wpcf7-form init\" aria-label=\"Contact form\" novalidate=\"novalidate\" data-status=\"init\">\n<div style=\"display: none;\">\n<input type=\"hidden\" name=\"_wpcf7\" value=\"120\" \/>\n<input type=\"hidden\" name=\"_wpcf7_version\" value=\"5.7.4\" \/>\n<input type=\"hidden\" name=\"_wpcf7_locale\" value=\"en_US\" \/>\n<input type=\"hidden\" name=\"_wpcf7_unit_tag\" value=\"wpcf7-f120-o1\" \/>\n<input type=\"hidden\" name=\"_wpcf7_container_post\" value=\"0\" \/>\n<input type=\"hidden\" name=\"_wpcf7_posted_data_hash\" value=\"\" \/>\n<\/div>\n<p><label> Hier bestellen Sie eine schriftliche Pers\u00f6nlichkeitsanalyse (pdf) <span class=\"wpcf7-form-control-wrap\" data-name=\"your-subject\"><input size=\"40\" class=\"wpcf7-form-control wpcf7-text wpcf7-validates-as-required\" aria-required=\"true\" aria-invalid=\"false\" value=\"Kinderanalyse\" type=\"text\" name=\"your-subject\" \/><\/span> <\/label>\n<\/p>\n<p><label> f\u00fcr Euro\/CHF 17.50.- <\/label>\n<\/p>\n<p><label> f\u00fcr <\/label>\n<\/p>\n<p><label> Vorname, Nachname<br \/>\n<span class=\"wpcf7-form-control-wrap\" data-name=\"first-name\"><input size=\"40\" class=\"wpcf7-form-control wpcf7-text wpcf7-validates-as-required\" aria-required=\"true\" aria-invalid=\"false\" value=\"\" type=\"text\" name=\"first-name\" \/><\/span> <\/label>\n<\/p>\n<use-label-element>\n\t<p><span class=\"wpcf7-form-control-wrap\" data-name=\"radio-sex\"><span class=\"wpcf7-form-control wpcf7-radio\"><span class=\"wpcf7-list-item first\"><label><input type=\"radio\" name=\"radio-sex\" value=\"Junge\" \/><span class=\"wpcf7-list-item-label\">Junge<\/span><\/label><\/span><span class=\"wpcf7-list-item last\"><label><input type=\"radio\" name=\"radio-sex\" value=\"M\u00e4dchen\" \/><span class=\"wpcf7-list-item-label\">M\u00e4dchen<\/span><\/label><\/span><\/span><\/span>\n\t<\/p>\n<\/use-label-element>\n<p><label> Geburtsdatum (TT.MM.JJJJ)<br \/>\n<span class=\"wpcf7-form-control-wrap\" data-name=\"birth-date\"><input class=\"wpcf7-form-control wpcf7-date wpcf7-validates-as-required wpcf7-validates-as-date\" aria-required=\"true\" aria-invalid=\"false\" value=\"TT.MM.JJJJ\" type=\"date\" name=\"birth-date\" \/><\/span> <\/label>\n<\/p>\n<p><label> Geburtszeit (Stunden:Minuten) <\/label><br \/>\n<span class=\"wpcf7-form-control-wrap\" data-name=\"number-hour\"><input class=\"wpcf7-form-control wpcf7-number wpcf7-validates-as-required wpcf7-validates-as-number\" min=\"0\" max=\"23\" aria-required=\"true\" aria-invalid=\"false\" placeholder=\"00\" value=\"\" type=\"number\" name=\"number-hour\" \/><\/span><span class=\"wpcf7-form-control-wrap\" data-name=\"number-min\"><input class=\"wpcf7-form-control wpcf7-number wpcf7-validates-as-required wpcf7-validates-as-number\" min=\"0\" max=\"59\" aria-required=\"true\" aria-invalid=\"false\" placeholder=\"00\" value=\"\" type=\"number\" name=\"number-min\" \/><\/span>\n<\/p>\n<p><label> Geburtsort und Staat<br \/>\n<span class=\"wpcf7-form-control-wrap\" data-name=\"birth-place\"><input size=\"40\" class=\"wpcf7-form-control wpcf7-text wpcf7-validates-as-required\" aria-required=\"true\" aria-invalid=\"false\" value=\"\" type=\"text\" name=\"birth-place\" \/><\/span> <\/label>\n<\/p>\n<p><label> <span class=\"wpcf7-form-control-wrap\" data-name=\"chart\"><span class=\"wpcf7-form-control wpcf7-checkbox\"><span class=\"wpcf7-list-item first last\"><input type=\"checkbox\" name=\"chart[]\" value=\"Horoskopzeichnung zus\u00e4tzlich sFr\/\u20ac 5.-\" \/><span class=\"wpcf7-list-item-label\">Horoskopzeichnung zus\u00e4tzlich sFr\/\u20ac 5.-<\/span><\/span><\/span><\/span> <\/label>\n<\/p>\n<p><label> --- <\/label>\n<\/p>\n<p><label> Analyse und Rechnung gehen an: <\/label><br \/>\n<span class=\"wpcf7-form-control-wrap\" data-name=\"user-name\"><input size=\"40\" class=\"wpcf7-form-control wpcf7-text wpcf7-validates-as-required\" aria-required=\"true\" aria-invalid=\"false\" placeholder=\"Vorname, Nachname\" value=\"\" type=\"text\" name=\"user-name\" \/><\/span><br \/>\n<span class=\"wpcf7-form-control-wrap\" data-name=\"user-street\"><input size=\"40\" class=\"wpcf7-form-control wpcf7-text\" aria-invalid=\"false\" placeholder=\"Strasse, Nr\" value=\"\" type=\"text\" name=\"user-street\" \/><\/span><br \/>\n<span class=\"wpcf7-form-control-wrap\" data-name=\"user-city\"><input size=\"40\" class=\"wpcf7-form-control wpcf7-text\" aria-invalid=\"false\" placeholder=\"PLZ, Ort, Staat\" value=\"\" type=\"text\" name=\"user-city\" \/><\/span><br \/>\n<span class=\"wpcf7-form-control-wrap\" data-name=\"your-email\"><input size=\"40\" class=\"wpcf7-form-control wpcf7-text wpcf7-email wpcf7-validates-as-required wpcf7-validates-as-email\" aria-required=\"true\" aria-invalid=\"false\" placeholder=\"E-Mail\" value=\"\" type=\"email\" name=\"your-email\" \/><\/span>\n<\/p>\n<p><input class=\"wpcf7-form-control has-spinner wpcf7-submit\" type=\"submit\" value=\"Senden\" \/>\n<\/p><div class=\"wpcf7-response-output\" aria-hidden=\"true\"><\/div>\n<\/form>\n<\/div>\n<\/div>\n","protected":false},"excerpt":{"rendered":"<p>Autorin: Anita Cortesi Eine Kinder-Pers\u00f6nlichkeitsanalyse ist die ausf\u00fchrliche Deutung des Geburtshoroskops mit dem psychologischen Hintergrund der Entwicklung des Kindes. Sie beschreibt Charakterz\u00fcge, Anlagen und besondere Herausforderungen im Leben des Kindes. Die Kinder-Pers\u00f6nlichkeitsanalyse hilft Eltern und Erziehern, die individuelle Eigenart des Kindes zu verstehen und das Kind entsprechend zu f\u00f6rdern. Die Kinder-Pers\u00f6nlichkeitsanalyse gibt u.a. Antwort auf [&hellip;]<\/p>\n","protected":false},"author":1,"featured_media":0,"parent":41,"menu_order":0,"comment_status":"closed","ping_status":"closed","template":"","meta":{"footnotes":""},"class_list":["post-126","page","type-page","status-publish","hentry"],"_links":{"self":[{"href":"http:\/\/www.astro.cortesi.ch\/index.php\/wp-json\/wp\/v2\/pages\/126","targetHints":{"allow":["GET"]}}],"collection":[{"href":"http:\/\/www.astro.cortesi.ch\/index.php\/wp-json\/wp\/v2\/pages"}],"about":[{"href":"http:\/\/www.astro.cortesi.ch\/index.php\/wp-json\/wp\/v2\/types\/page"}],"author":[{"embeddable":true,"href":"http:\/\/www.astro.cortesi.ch\/index.php\/wp-json\/wp\/v2\/users\/1"}],"replies":[{"embeddable":true,"href":"http:\/\/www.astro.cortesi.ch\/index.php\/wp-json\/wp\/v2\/comments?post=126"}],"version-history":[{"count":2,"href":"http:\/\/www.astro.cortesi.ch\/index.php\/wp-json\/wp\/v2\/pages\/126\/revisions"}],"predecessor-version":[{"id":134,"href":"http:\/\/www.astro.cortesi.ch\/index.php\/wp-json\/wp\/v2\/pages\/126\/revisions\/134"}],"up":[{"embeddable":true,"href":"http:\/\/www.astro.cortesi.ch\/index.php\/wp-json\/wp\/v2\/pages\/41"}],"wp:attachment":[{"href":"http:\/\/www.astro.cortesi.ch\/index.php\/wp-json\/wp\/v2\/media?parent=126"}],"curies":[{"name":"wp","href":"https:\/\/api.w.org\/{rel}","templated":true}]}}