{"id":169,"date":"2022-12-28T09:30:19","date_gmt":"2022-12-28T08:30:19","guid":{"rendered":"http:\/\/www.astro.cortesi.ch\/?page_id=169"},"modified":"2023-01-28T08:53:51","modified_gmt":"2023-01-28T07:53:51","slug":"weitere-angebote","status":"publish","type":"page","link":"http:\/\/www.astro.cortesi.ch\/index.php\/persoenlichkeitsanalysen\/weitere-angebote\/","title":{"rendered":"Weitere Angebote"},"content":{"rendered":"\n<h5 class=\"wp-block-heading\">Analysen-Abo<\/h5>\n\n\n\n<p>Wenn Sie immer wieder Analysen beziehen m\u00f6chten, sich jedoch eine eigene Analysen-Software nicht lohnt, k\u00f6nnen Sie Analysen per e-Mail im Abonnement beziehen.<\/p>\n\n\n\n<div class=\"wp-block-buttons is-layout-flex wp-block-buttons-is-layout-flex\">\n<div class=\"wp-block-button has-custom-width wp-block-button__width-25 has-custom-font-size is-style-fill has-small-font-size\"><a class=\"wp-block-button__link has-foreground-color has-luminous-vivid-amber-background-color has-text-color has-background wp-element-button\" href=\"http:\/\/www.astro.cortesi.ch\/index.php\/persoenlichkeitsanalysen\/analysen-abo\/\" style=\"padding-top:var(--wp--preset--spacing--20);padding-right:var(--wp--preset--spacing--20);padding-bottom:var(--wp--preset--spacing--20);padding-left:var(--wp--preset--spacing--20)\">weiter &#8230;<\/a><\/div>\n<\/div>\n\n\n\n<div style=\"height:10px\" aria-hidden=\"true\" class=\"wp-block-spacer\"><\/div>\n\n\n\n<h5 class=\"wp-block-heading\">Weitere Pers\u00f6nlichkeitsanalysen<\/h5>\n\n\n\n<ul class=\"wp-block-list\">\n<li><a href=\"http:\/\/www.astro.cortesi.ch\/index.php\/persoenlichkeitsanalysen\/12-monatshoroskope\/\" data-type=\"page\" data-id=\"160\">12 Monatshoroskope<\/a><\/li>\n\n\n\n<li><a href=\"http:\/\/www.astro.cortesi.ch\/index.php\/persoenlichkeitsanalysen\/arbeitsbeziehung\/\" data-type=\"page\" data-id=\"144\">Arbeitsbeziehung \/ Freundschaft<\/a><\/li>\n\n\n\n<li><a href=\"http:\/\/www.astro.cortesi.ch\/index.php\/persoenlichkeitsanalysen\/kurzanalyse-charakterprofil\/\" data-type=\"page\" data-id=\"122\">Charakterprofil <\/a>(Kurzanalyse 1 Seite)<\/li>\n<\/ul>\n\n\n\n<p><\/p>\n\n\n\n<div style=\"height:10px\" aria-hidden=\"true\" class=\"wp-block-spacer\"><\/div>\n\n\n\n<h5 class=\"wp-block-heading\">titelblatt mit bild<\/h5>\n\n\n\n<p>M\u00f6chten Sie ein Titelblatt selbst gestalten? Hier k\u00f6nnen Sie kostenlos mehrere Vorlagen im rtf-Format herunterladen und beliebig ver\u00e4ndern:<\/p>\n\n\n\n<ul class=\"wp-block-list\">\n<li><a href=\"http:\/\/www.astro.cortesi.ch\/wp-content\/uploads\/2022\/12\/Titelblatt-Persoenlichkeitsentfaltung.rtf\" data-type=\"attachment\" data-id=\"176\">Titelblatt Persoenlichkeitsentfaltung<\/a><\/li>\n\n\n\n<li><a href=\"http:\/\/www.astro.cortesi.ch\/wp-content\/uploads\/2022\/12\/Titelblatt-Lebensaufgaben.rtf\" data-type=\"attachment\" data-id=\"177\">Titelblatt Lebensaufgaben<\/a><\/li>\n\n\n\n<li><a href=\"http:\/\/www.astro.cortesi.ch\/wp-content\/uploads\/2022\/12\/Titelblatt-Kind.rtf\" data-type=\"attachment\" data-id=\"175\">Titelblatt Kind<\/a><\/li>\n\n\n\n<li><a href=\"http:\/\/www.astro.cortesi.ch\/wp-content\/uploads\/2022\/12\/Titelblatt-Partner.rtf\" data-type=\"attachment\" data-id=\"178\">Titelblatt Partner<\/a><\/li>\n<\/ul>\n\n\n\n<div style=\"height:10px\" aria-hidden=\"true\" class=\"wp-block-spacer\"><\/div>\n\n\n\n<h5 class=\"wp-block-heading\">Placidus-H\u00e4user<\/h5>\n\n\n\n<p>Die Analysen werden mit Koch-H\u00e4usern erstellt. Gegen Aufpreis von Euro\/CHF 20.- erstellen wir die Analyse mit Placidus-H\u00e4usern.<\/p>\n\n\n\n<div style=\"height:10px\" aria-hidden=\"true\" class=\"wp-block-spacer\"><\/div>\n\n\n\n<h5 class=\"wp-block-heading\">Gedruckt<\/h5>\n\n\n\n<p>Gegen Aufpreis von Euro\/CHF 20.- und Porto senden wir Ihnen eine ausgedruckte Analyse per Post. Achtung: die Portokosten k\u00f6nnen recht hoch sein.<\/p>\n\n\n\n<div style=\"height:10px\" aria-hidden=\"true\" class=\"wp-block-spacer\"><\/div>\n\n\n\n<div class=\"wp-block-contact-form-7-contact-form-selector form-hintergrund\">\n<div class=\"wpcf7 no-js\" id=\"wpcf7-f168-o1\" lang=\"en-US\" dir=\"ltr\">\n<div class=\"screen-reader-response\"><p role=\"status\" aria-live=\"polite\" aria-atomic=\"true\"><\/p> <ul><\/ul><\/div>\n<form action=\"\/index.php\/wp-json\/wp\/v2\/pages\/169#wpcf7-f168-o1\" method=\"post\" class=\"wpcf7-form init\" aria-label=\"Contact form\" novalidate=\"novalidate\" data-status=\"init\">\n<div style=\"display: none;\">\n<input type=\"hidden\" name=\"_wpcf7\" value=\"168\" \/>\n<input type=\"hidden\" name=\"_wpcf7_version\" value=\"5.7.4\" \/>\n<input type=\"hidden\" name=\"_wpcf7_locale\" value=\"en_US\" \/>\n<input type=\"hidden\" name=\"_wpcf7_unit_tag\" value=\"wpcf7-f168-o1\" \/>\n<input type=\"hidden\" name=\"_wpcf7_container_post\" value=\"0\" \/>\n<input type=\"hidden\" name=\"_wpcf7_posted_data_hash\" value=\"\" \/>\n<\/div>\n<p><label> Hier teilen Sie uns weitere Bestellungen \/ W\u00fcnsche mit <span class=\"wpcf7-form-control-wrap\" data-name=\"your-subject\"><input size=\"40\" class=\"wpcf7-form-control wpcf7-text wpcf7-validates-as-required\" aria-required=\"true\" aria-invalid=\"false\" value=\"Weitere Bestellungen\" type=\"text\" name=\"your-subject\" \/><\/span> <\/label>\n<\/p>\n<p><label> Ihre Nachricht<br \/>\n<span class=\"wpcf7-form-control-wrap\" data-name=\"your-message\"><textarea cols=\"40\" rows=\"10\" class=\"wpcf7-form-control wpcf7-textarea\" aria-invalid=\"false\" name=\"your-message\"><\/textarea><\/span> <\/label>\n<\/p>\n<p><span class=\"wpcf7-form-control-wrap\" data-name=\"your-email\"><input size=\"40\" class=\"wpcf7-form-control wpcf7-text wpcf7-email wpcf7-validates-as-required wpcf7-validates-as-email\" aria-required=\"true\" aria-invalid=\"false\" placeholder=\"E-Mail\" value=\"\" type=\"email\" name=\"your-email\" \/><\/span>\n<\/p>\n<p><input class=\"wpcf7-form-control has-spinner wpcf7-submit\" type=\"submit\" value=\"Senden\" \/>\n<\/p><div class=\"wpcf7-response-output\" aria-hidden=\"true\"><\/div>\n<\/form>\n<\/div>\n<\/div>\n","protected":false},"excerpt":{"rendered":"<p>Analysen-Abo Wenn Sie immer wieder Analysen beziehen m\u00f6chten, sich jedoch eine eigene Analysen-Software nicht lohnt, k\u00f6nnen Sie Analysen per e-Mail im Abonnement beziehen. Weitere Pers\u00f6nlichkeitsanalysen titelblatt mit bild M\u00f6chten Sie ein Titelblatt selbst gestalten? Hier k\u00f6nnen Sie kostenlos mehrere Vorlagen im rtf-Format herunterladen und beliebig ver\u00e4ndern: Placidus-H\u00e4user Die Analysen werden mit Koch-H\u00e4usern erstellt. Gegen Aufpreis [&hellip;]<\/p>\n","protected":false},"author":1,"featured_media":0,"parent":41,"menu_order":0,"comment_status":"closed","ping_status":"closed","template":"","meta":{"footnotes":""},"class_list":["post-169","page","type-page","status-publish","hentry"],"_links":{"self":[{"href":"http:\/\/www.astro.cortesi.ch\/index.php\/wp-json\/wp\/v2\/pages\/169","targetHints":{"allow":["GET"]}}],"collection":[{"href":"http:\/\/www.astro.cortesi.ch\/index.php\/wp-json\/wp\/v2\/pages"}],"about":[{"href":"http:\/\/www.astro.cortesi.ch\/index.php\/wp-json\/wp\/v2\/types\/page"}],"author":[{"embeddable":true,"href":"http:\/\/www.astro.cortesi.ch\/index.php\/wp-json\/wp\/v2\/users\/1"}],"replies":[{"embeddable":true,"href":"http:\/\/www.astro.cortesi.ch\/index.php\/wp-json\/wp\/v2\/comments?post=169"}],"version-history":[{"count":5,"href":"http:\/\/www.astro.cortesi.ch\/index.php\/wp-json\/wp\/v2\/pages\/169\/revisions"}],"predecessor-version":[{"id":196,"href":"http:\/\/www.astro.cortesi.ch\/index.php\/wp-json\/wp\/v2\/pages\/169\/revisions\/196"}],"up":[{"embeddable":true,"href":"http:\/\/www.astro.cortesi.ch\/index.php\/wp-json\/wp\/v2\/pages\/41"}],"wp:attachment":[{"href":"http:\/\/www.astro.cortesi.ch\/index.php\/wp-json\/wp\/v2\/media?parent=169"}],"curies":[{"name":"wp","href":"https:\/\/api.w.org\/{rel}","templated":true}]}}