{"id":353,"date":"2023-02-24T15:25:58","date_gmt":"2023-02-24T14:25:58","guid":{"rendered":"http:\/\/www.astro.cortesi.ch\/?page_id=353"},"modified":"2023-02-27T11:55:46","modified_gmt":"2023-02-27T10:55:46","slug":"das-tierkreiszeichen-schuetze","status":"publish","type":"page","link":"http:\/\/www.astro.cortesi.ch\/index.php\/das-tierkreiszeichen-schuetze\/","title":{"rendered":"Das Tierkreiszeichen Sch\u00fctze"},"content":{"rendered":"\n<figure class=\"wp-block-image size-full\"><img loading=\"lazy\" decoding=\"async\" width=\"49\" height=\"49\" src=\"http:\/\/www.astro.cortesi.ch\/wp-content\/uploads\/2023\/02\/Schuetze_f.gif\" alt=\"\" class=\"wp-image-330\"\/><\/figure>\n\n\n\n<p><strong>&#8222;Ich will wachsen!&#8220;<\/strong><\/p>\n\n\n\n<p><strong>Positive Eigenschaften eines Sch\u00fctze-Typs:<\/strong><br>Spontan, beweglich, extravertiert, grossz\u00fcgig, jovial, impulsiv, heiter, aktiv, offen, ehrlich, weitblickend, freiz\u00fcgig, dynamisch, freiheitsliebend, selbstbewusst, zielgerichtet, optimistisch, lebensbejahend, idealistisch, begeisternd, \u00fcberzeugend<\/p>\n\n\n\n<p>Der Sch\u00fctze-Typ braucht ein Vision. Er glaubt an Ideale und sucht in allem nach einem Sinn. Er strebt nach Weite und neuen Horizonten im konkreten und \u00fcbertragenen Sinn. So schiesst er seinen Pfeil auf ein Ziel ab, ohne sich gross um die Details der Verwirklichung zu k\u00fcmmern. Tauchen Schwierigkeiten auf, gibt er oft zu schnell wieder auf und sucht sich etwas Neues, an dem sich sein Feuer und seine Begeisterung entz\u00fcnden kann. Er sieht die M\u00f6glichkeiten und Zusammenh\u00e4nge hinter den Geschehnissen und versucht, darin einen Sinn zu finden. Er vertritt eine ausgepr\u00e4gte eigene Meinung und setzt seinen Willen geschickt ein, ohne mit dem Kopf durch die Wand zu gehen.<\/p>\n\n\n\n<p><strong>Negative Entsprechungen:<\/strong><br>Realit\u00e4tsfremd, ma\u00dflos, eigensinnig, egoistisch, unbesonnen, gro\u00dfspurig, fanatisch, dogmatisch, missionarisch, reizbar, moralisierend, belehrend, scheinheilig, hochstaplerisch, angeberisch, &#8222;Besserwisser&#8220;<\/p>\n\n\n\n<p>Der Sch\u00fctze-Betonte ist ein &#8222;Hans-guck-in-die-Luft&#8220;, der in der materiellen Welt das N\u00e4chstliegende \u00fcbersieht. Er neigt zu Selbst\u00fcbersch\u00e4tzung bez\u00fcglich Wissen und Denken, zu geistigem und moralischem Hochmut und zur naiven Annahme, da\u00df allein die Besch\u00e4ftigung mit &#8222;h\u00f6heren Dingen&#8220; ihm \u00dcberlegenheit gibt. Er l\u00e4\u00dft sich von Titeln und \u00e4u\u00dferem Schein beeindrucken.<\/p>\n\n\n\n<p>Dem Sch\u00fctze-Zeichen werden der\u00a0<a href=\"http:\/\/www.astro.cortesi.ch\/index.php\/jupiter\/\" data-type=\"page\" data-id=\"431\">Jupiter\u00a0<\/a>und das\u00a0<a href=\"http:\/\/www.astro.cortesi.ch\/index.php\/das-neunte-haus\/\" data-type=\"page\" data-id=\"394\">neunte Haus\u00a0<\/a>zugeordnet.<\/p>\n\n\n\n<p><a href=\"http:\/\/www.astro.cortesi.ch\/index.php\/verwandtschaften-zwischen-zeichen-planeten-und-haeusern\/\" data-type=\"page\" data-id=\"494\">\u00dcbersicht\u00a0<\/a>\u00fcber Tierkreiszeichen, Planeten und H\u00e4user<\/p>\n","protected":false},"excerpt":{"rendered":"<p>&#8222;Ich will wachsen!&#8220; Positive Eigenschaften eines Sch\u00fctze-Typs:Spontan, beweglich, extravertiert, grossz\u00fcgig, jovial, impulsiv, heiter, aktiv, offen, ehrlich, weitblickend, freiz\u00fcgig, dynamisch, freiheitsliebend, selbstbewusst, zielgerichtet, optimistisch, lebensbejahend, idealistisch, begeisternd, \u00fcberzeugend Der Sch\u00fctze-Typ braucht ein Vision. Er glaubt an Ideale und sucht in allem nach einem Sinn. Er strebt nach Weite und neuen Horizonten im konkreten und \u00fcbertragenen Sinn. [&hellip;]<\/p>\n","protected":false},"author":1,"featured_media":0,"parent":0,"menu_order":0,"comment_status":"closed","ping_status":"closed","template":"","meta":{"footnotes":""},"class_list":["post-353","page","type-page","status-publish","hentry"],"_links":{"self":[{"href":"http:\/\/www.astro.cortesi.ch\/index.php\/wp-json\/wp\/v2\/pages\/353","targetHints":{"allow":["GET"]}}],"collection":[{"href":"http:\/\/www.astro.cortesi.ch\/index.php\/wp-json\/wp\/v2\/pages"}],"about":[{"href":"http:\/\/www.astro.cortesi.ch\/index.php\/wp-json\/wp\/v2\/types\/page"}],"author":[{"embeddable":true,"href":"http:\/\/www.astro.cortesi.ch\/index.php\/wp-json\/wp\/v2\/users\/1"}],"replies":[{"embeddable":true,"href":"http:\/\/www.astro.cortesi.ch\/index.php\/wp-json\/wp\/v2\/comments?post=353"}],"version-history":[{"count":3,"href":"http:\/\/www.astro.cortesi.ch\/index.php\/wp-json\/wp\/v2\/pages\/353\/revisions"}],"predecessor-version":[{"id":568,"href":"http:\/\/www.astro.cortesi.ch\/index.php\/wp-json\/wp\/v2\/pages\/353\/revisions\/568"}],"wp:attachment":[{"href":"http:\/\/www.astro.cortesi.ch\/index.php\/wp-json\/wp\/v2\/media?parent=353"}],"curies":[{"name":"wp","href":"https:\/\/api.w.org\/{rel}","templated":true}]}}