{"id":359,"date":"2023-02-24T15:24:08","date_gmt":"2023-02-24T14:24:08","guid":{"rendered":"http:\/\/www.astro.cortesi.ch\/?page_id=359"},"modified":"2023-02-27T12:02:52","modified_gmt":"2023-02-27T11:02:52","slug":"das-tierkreiszeichen-fische","status":"publish","type":"page","link":"http:\/\/www.astro.cortesi.ch\/index.php\/das-tierkreiszeichen-fische\/","title":{"rendered":"Das Tierkreiszeichen Fische"},"content":{"rendered":"\n<figure class=\"wp-block-image size-full\"><img loading=\"lazy\" decoding=\"async\" width=\"49\" height=\"49\" src=\"http:\/\/www.astro.cortesi.ch\/wp-content\/uploads\/2023\/02\/fische_f.gif\" alt=\"\" class=\"wp-image-333\"\/><\/figure>\n\n\n\n<p><strong>&#8222;Ich f\u00fchle mich mit allem verbunden!&#8220;<\/strong><\/p>\n\n\n\n<p><strong>Positive Eigenschaften eines Fische-Typs:<\/strong><br>Schillernd, unfa\u00dfbar, sensibel, feinf\u00fchlig, hilfsbereit, mitf\u00fchlend, mitleidend, phantasievoll, vertr\u00e4umt, beeinflu\u00dfbar, beeindruckbar, romantisch, altruistisch, mediale oder telepathische F\u00e4higkeiten<\/p>\n\n\n\n<p>Der Fische-Betonte nimmt Stimmungen wahr, ist empf\u00e4nglich f\u00fcr die Welt jenseits der Realit\u00e4t, f\u00fcr Religion, Meditation, Musik, aber auch f\u00fcr jede Art von Sucht. Er ist stark nach innen gerichtet und braucht das Allein-Sein, um sich selbst zu sp\u00fcren. Seine au\u00dfergew\u00f6hnliche Feinf\u00fchligkeit erschwert es ihm, sein Ich und den eigenen Willen zu sp\u00fcren und Grenzen zwischen sich und der Umwelt zu ziehen. Da er sich mit allem verbunden f\u00fchlt, ist er offen f\u00fcr Freud und Leid anderer und zu gro\u00dfem Mitgef\u00fchl f\u00e4hig. Traum und Phantasie sind f\u00fcr ihn ebenso real wie die Wirklichkeit.<\/p>\n\n\n\n<p><strong>Negative Entsprechungen:<\/strong><br>\u00fcberempfindlich, beeinflussbar, sentimental, entscheidungsschwach, umst\u00e4ndlich, \u00e4ngstlich, gehemmt, sich entziehend, nicht fa\u00dfbar, chaotisch, labil, verwirrt, unzuverl\u00e4ssig, prinzipienlos, Tendenz zu Illusionen und Selbstmitleid, Vermischung von Realit\u00e4t und Traum<\/p>\n\n\n\n<p>Der Fische-Typ neigt zu Fluchtverhalten und weicht den Schwierigkeiten und H\u00e4rten des Lebens aus, indem er sich in eine Traum- und Phantasiewelt, in Drogen oder Krankheit zur\u00fcckzieht. Nachgiebige Schw\u00e4che h\u00e4lt er f\u00fcr Toleranz. Er neigt zu einer masochistischen Opferhaltung.<\/p>\n\n\n\n<p>Dem Fische-Zeichen werden der\u00a0<a href=\"http:\/\/www.astro.cortesi.ch\/index.php\/neptun\/\" data-type=\"page\" data-id=\"437\">Neptun\u00a0<\/a>und das\u00a0<a href=\"http:\/\/www.astro.cortesi.ch\/index.php\/das-zwoelfte-haus\/\" data-type=\"page\" data-id=\"403\">zw\u00f6lfte Haus\u00a0<\/a>zugeordnet.<\/p>\n\n\n\n<p><a href=\"http:\/\/www.astro.cortesi.ch\/index.php\/verwandtschaften-zwischen-zeichen-planeten-und-haeusern\/\" data-type=\"page\" data-id=\"494\">\u00dcbersicht\u00a0<\/a>\u00fcber Tierkreiszeichen, Planeten und H\u00e4user<\/p>\n","protected":false},"excerpt":{"rendered":"<p>&#8222;Ich f\u00fchle mich mit allem verbunden!&#8220; Positive Eigenschaften eines Fische-Typs:Schillernd, unfa\u00dfbar, sensibel, feinf\u00fchlig, hilfsbereit, mitf\u00fchlend, mitleidend, phantasievoll, vertr\u00e4umt, beeinflu\u00dfbar, beeindruckbar, romantisch, altruistisch, mediale oder telepathische F\u00e4higkeiten Der Fische-Betonte nimmt Stimmungen wahr, ist empf\u00e4nglich f\u00fcr die Welt jenseits der Realit\u00e4t, f\u00fcr Religion, Meditation, Musik, aber auch f\u00fcr jede Art von Sucht. Er ist stark nach innen [&hellip;]<\/p>\n","protected":false},"author":1,"featured_media":0,"parent":0,"menu_order":0,"comment_status":"closed","ping_status":"closed","template":"","meta":{"footnotes":""},"class_list":["post-359","page","type-page","status-publish","hentry"],"_links":{"self":[{"href":"http:\/\/www.astro.cortesi.ch\/index.php\/wp-json\/wp\/v2\/pages\/359","targetHints":{"allow":["GET"]}}],"collection":[{"href":"http:\/\/www.astro.cortesi.ch\/index.php\/wp-json\/wp\/v2\/pages"}],"about":[{"href":"http:\/\/www.astro.cortesi.ch\/index.php\/wp-json\/wp\/v2\/types\/page"}],"author":[{"embeddable":true,"href":"http:\/\/www.astro.cortesi.ch\/index.php\/wp-json\/wp\/v2\/users\/1"}],"replies":[{"embeddable":true,"href":"http:\/\/www.astro.cortesi.ch\/index.php\/wp-json\/wp\/v2\/comments?post=359"}],"version-history":[{"count":3,"href":"http:\/\/www.astro.cortesi.ch\/index.php\/wp-json\/wp\/v2\/pages\/359\/revisions"}],"predecessor-version":[{"id":574,"href":"http:\/\/www.astro.cortesi.ch\/index.php\/wp-json\/wp\/v2\/pages\/359\/revisions\/574"}],"wp:attachment":[{"href":"http:\/\/www.astro.cortesi.ch\/index.php\/wp-json\/wp\/v2\/media?parent=359"}],"curies":[{"name":"wp","href":"https:\/\/api.w.org\/{rel}","templated":true}]}}