{"id":397,"date":"2023-02-24T15:34:04","date_gmt":"2023-02-24T14:34:04","guid":{"rendered":"http:\/\/www.astro.cortesi.ch\/?page_id=397"},"modified":"2023-02-28T08:38:31","modified_gmt":"2023-02-28T07:38:31","slug":"das-zehnte-haus","status":"publish","type":"page","link":"http:\/\/www.astro.cortesi.ch\/index.php\/das-zehnte-haus\/","title":{"rendered":"Das zehnte Haus"},"content":{"rendered":"\n<h4 class=\"wp-block-heading\">Beruf und gesellschaftliche Stellung<\/h4>\n\n\n\n<figure class=\"wp-block-image size-full\"><img loading=\"lazy\" decoding=\"async\" width=\"300\" height=\"310\" src=\"http:\/\/www.astro.cortesi.ch\/wp-content\/uploads\/2023\/02\/sk_Haus10.gif\" alt=\"\" class=\"wp-image-398\"\/><figcaption class=\"wp-element-caption\">\u00a9 FIREBALL Astro-Guide<\/figcaption><\/figure>\n\n\n\n<p>Das zehnte Haus entspricht dem\u00a0<a href=\"http:\/\/www.astro.cortesi.ch\/index.php\/das-tierkreiszeichen-steinbock\/\" data-type=\"page\" data-id=\"355\">Steinbockzeichen<\/a>.<\/p>\n\n\n\n<p>Es symbolisiert die Aufforderung, erwachsen zu werden, Verantwortung zu \u00fcbernehmen und die berufliche und gesellschaftliche Stellung einzunehmen, die man aufgrund elterlicher und gesellschaftlicher Einfl\u00fcsse als erstrebenswert erachtet.<\/p>\n\n\n\n<div style=\"height:10px\" aria-hidden=\"true\" class=\"wp-block-spacer\"><\/div>\n\n\n\n<p><strong>Mit Planeten im zehnten Haus werden folgende Lebensbereiche wichtig:<\/strong><\/p>\n\n\n\n<ul class=\"wp-block-list\">\n<li>Man wird durch \u00e4u\u00dfere Situationen oder einem inneren Bed\u00fcrfnis aufgefordert, sich durch Arbeit und Selbstdisziplin eine Autorit\u00e4tsstellung in der Gesellschaft zu verschaffen. Gelingt es, mit zielstrebiger Haltung seine beruflichen Vorstellungen in die Tat umzusetzen, so erm\u00f6glicht dies eine gehobene berufliche Stellung.<\/li>\n\n\n\n<li>Neben dem Beruf k\u00f6nnen auch gesellschaftliche Ziele, eine Elternrolle oder eine politische Laufbahn von Bedeutung sein. Grunds\u00e4tzlich geht es um die \u00dcbernahme von Verantwortung.<\/li>\n\n\n\n<li>In jungen Jahren oder falls es sich als schwierig erweist, sich selbst eine berufliche oder gesellschaftliche Stellung zu erarbeiten, erlebt man das Thema Autorit\u00e4t in der Projektion, d.h. es kommt immer wieder zu unliebsamen Zusammentreffen mit Autorit\u00e4tspersonen wie Vorgesetzten oder Beh\u00f6rden.<\/li>\n<\/ul>\n\n\n\n<p><a href=\"http:\/\/www.astro.cortesi.ch\/index.php\/verwandtschaften-zwischen-zeichen-planeten-und-haeusern\/\" data-type=\"page\" data-id=\"494\">\u00dcbersicht\u00a0<\/a>\u00fcber Tierkreiszeichen, Planeten und H\u00e4user<\/p>\n","protected":false},"excerpt":{"rendered":"<p>Beruf und gesellschaftliche Stellung Das zehnte Haus entspricht dem\u00a0Steinbockzeichen. Es symbolisiert die Aufforderung, erwachsen zu werden, Verantwortung zu \u00fcbernehmen und die berufliche und gesellschaftliche Stellung einzunehmen, die man aufgrund elterlicher und gesellschaftlicher Einfl\u00fcsse als erstrebenswert erachtet. Mit Planeten im zehnten Haus werden folgende Lebensbereiche wichtig: \u00dcbersicht\u00a0\u00fcber Tierkreiszeichen, Planeten und H\u00e4user<\/p>\n","protected":false},"author":1,"featured_media":0,"parent":0,"menu_order":0,"comment_status":"closed","ping_status":"closed","template":"","meta":{"footnotes":""},"class_list":["post-397","page","type-page","status-publish","hentry"],"_links":{"self":[{"href":"http:\/\/www.astro.cortesi.ch\/index.php\/wp-json\/wp\/v2\/pages\/397","targetHints":{"allow":["GET"]}}],"collection":[{"href":"http:\/\/www.astro.cortesi.ch\/index.php\/wp-json\/wp\/v2\/pages"}],"about":[{"href":"http:\/\/www.astro.cortesi.ch\/index.php\/wp-json\/wp\/v2\/types\/page"}],"author":[{"embeddable":true,"href":"http:\/\/www.astro.cortesi.ch\/index.php\/wp-json\/wp\/v2\/users\/1"}],"replies":[{"embeddable":true,"href":"http:\/\/www.astro.cortesi.ch\/index.php\/wp-json\/wp\/v2\/comments?post=397"}],"version-history":[{"count":4,"href":"http:\/\/www.astro.cortesi.ch\/index.php\/wp-json\/wp\/v2\/pages\/397\/revisions"}],"predecessor-version":[{"id":599,"href":"http:\/\/www.astro.cortesi.ch\/index.php\/wp-json\/wp\/v2\/pages\/397\/revisions\/599"}],"wp:attachment":[{"href":"http:\/\/www.astro.cortesi.ch\/index.php\/wp-json\/wp\/v2\/media?parent=397"}],"curies":[{"name":"wp","href":"https:\/\/api.w.org\/{rel}","templated":true}]}}