{"id":447,"date":"2023-02-24T15:49:08","date_gmt":"2023-02-24T14:49:08","guid":{"rendered":"http:\/\/www.astro.cortesi.ch\/?page_id=447"},"modified":"2023-02-24T15:49:08","modified_gmt":"2023-02-24T14:49:08","slug":"lilith-der-schwarze-mond","status":"publish","type":"page","link":"http:\/\/www.astro.cortesi.ch\/index.php\/lilith-der-schwarze-mond\/","title":{"rendered":"Lilith &#8211; Der schwarze Mond"},"content":{"rendered":"\n<figure class=\"wp-block-image size-full\"><img loading=\"lazy\" decoding=\"async\" width=\"49\" height=\"49\" src=\"http:\/\/www.astro.cortesi.ch\/wp-content\/uploads\/2023\/02\/lilith.gif\" alt=\"\" class=\"wp-image-448\"\/><\/figure>\n\n\n\n<p>Lilith k\u00f6nnte man als die &#8222;weibliche Kraft der Seele&#8220; bezeichnen.<\/p>\n\n\n\n<p>Lilith &#8211; die geheimnisvolle, dunkle Mondg\u00f6ttin &#8211; ist Symbol f\u00fcr verborgene Aspekte des menschlichen Daseins. Sie ist der Schatten, den wir ins Bewusstsein heben m\u00fcssen, um zur Ganzheit zu gelangen. Sie steht f\u00fcr etwas Namenloses, nicht mit rationalen Begriffen Fassbares, das tief in der menschlichen Seele schlummert. Gleichzeitig ist sie eine Verk\u00f6rperung des weiblichen Prinzips. Sie kommt insofern einer Racheg\u00f6ttin gleich, als wir das Weibliche in uns unterdr\u00fccken. Dies ist seit dem Aufkommen des Patriarchates mehr oder weniger der Fall. Wollen wir nicht die zerst\u00f6rerischen Seiten der Lilith oder der weiblichen Urkraft des Unbewussten heraufbeschw\u00f6ren, so m\u00fcssen wir den weiblichen Gef\u00fchlskr\u00e4ften den Raum in unserem Leben zugestehen, der ihnen geb\u00fchrt.<\/p>\n\n\n\n<p>Lilith ist kein Himmelsk\u00f6rper, sondern der zweite Brennpunkt der elliptischen Umlaufbahn des Mondes um die Erde, also etwas Nicht-Materielles. Dieser &#8222;leere&#8220; Punkt am Himmel entspricht denn auch keinem klar fassbaren Teilaspekt der menschlichen Pers\u00f6nlichkeit. Lilith kann eher als eine tiefgr\u00fcndige Gef\u00fchlsenergie verstanden werden, die uns hilft, unser Potential zu verwirklichen. Mit ihrer Unterst\u00fctzung bauen wir etwas im Leben auf, bringen es zu einem H\u00f6hepunkt und lassen es wieder los, um uns etwas Neuem zuzuwenden. Lilith l\u00e4sst uns die Fr\u00fcchte unseres Tuns nicht geniessen, sondern fordert Loslassen und Absterben in einem nicht zu durchbrechenden Zyklus von Werden und Vergehen. Wir haben manchmal M\u00fche, uns von dem zu trennen, was wir geschaffen haben. Es mag uns dann ergehen wie Lots Frau. Sie erstarrte zur Salzs\u00e4ule, weil sie zur\u00fcck schaute.<\/p>\n\n\n\n<p>Lilith ist unbewusst und geheimnisvoll, eine weibliche Urenergie, die wir nie &#8222;in den Griff&#8220; bekommen k\u00f6nnen. Gegen dieses Unerbittliche und Nicht-Fassbare wehrt sich unser Ego. Es will lieber an seinen Vorstellungen und Illusionen festhalten. Wenn dann die weibliche Urkraft der Lilith aus dem Unbewussten auftaucht wie die Nixe aus dem Teich, das Ego in die Tiefe zieht und uns mit dem Besten oder auch Schlimmsten im Leben konfrontiert, so empfinden wir dies meist als schmerzhaften Eingriff.<\/p>\n\n\n\n<p>Wir m\u00fcssen lernen, uns vom Leben tragen zu lassen. Dann bleibt jedesmal, wenn Lilith auftaucht, ein goldener Schimmer zur\u00fcck. Wir haben einen Blick in unsere eigenen Tiefen geworfen, haben einen blinden Fleck erkannt oder eine Ahnung von der Welt hinter dem Vorhang unseres Bewusstseins gestreift. Dies ist der Sinn des Lilith-Teiles in uns.<\/p>\n\n\n\n<p>Wenn Sie mehr \u00fcber die faszinierende und geheimnisvolle Lilith wissen m\u00f6chten, gibt Ihnen das Buch &#8222;Die Wolfsfrau&#8220; von Clarissa P. Est\u00e9s einen Einblick in diese tiefgr\u00fcndigen Aspekte der menschlichen Psyche.<\/p>\n","protected":false},"excerpt":{"rendered":"<p>Lilith k\u00f6nnte man als die &#8222;weibliche Kraft der Seele&#8220; bezeichnen. Lilith &#8211; die geheimnisvolle, dunkle Mondg\u00f6ttin &#8211; ist Symbol f\u00fcr verborgene Aspekte des menschlichen Daseins. Sie ist der Schatten, den wir ins Bewusstsein heben m\u00fcssen, um zur Ganzheit zu gelangen. Sie steht f\u00fcr etwas Namenloses, nicht mit rationalen Begriffen Fassbares, das tief in der menschlichen [&hellip;]<\/p>\n","protected":false},"author":1,"featured_media":0,"parent":0,"menu_order":0,"comment_status":"closed","ping_status":"closed","template":"","meta":{"footnotes":""},"class_list":["post-447","page","type-page","status-publish","hentry"],"_links":{"self":[{"href":"http:\/\/www.astro.cortesi.ch\/index.php\/wp-json\/wp\/v2\/pages\/447","targetHints":{"allow":["GET"]}}],"collection":[{"href":"http:\/\/www.astro.cortesi.ch\/index.php\/wp-json\/wp\/v2\/pages"}],"about":[{"href":"http:\/\/www.astro.cortesi.ch\/index.php\/wp-json\/wp\/v2\/types\/page"}],"author":[{"embeddable":true,"href":"http:\/\/www.astro.cortesi.ch\/index.php\/wp-json\/wp\/v2\/users\/1"}],"replies":[{"embeddable":true,"href":"http:\/\/www.astro.cortesi.ch\/index.php\/wp-json\/wp\/v2\/comments?post=447"}],"version-history":[{"count":1,"href":"http:\/\/www.astro.cortesi.ch\/index.php\/wp-json\/wp\/v2\/pages\/447\/revisions"}],"predecessor-version":[{"id":449,"href":"http:\/\/www.astro.cortesi.ch\/index.php\/wp-json\/wp\/v2\/pages\/447\/revisions\/449"}],"wp:attachment":[{"href":"http:\/\/www.astro.cortesi.ch\/index.php\/wp-json\/wp\/v2\/media?parent=447"}],"curies":[{"name":"wp","href":"https:\/\/api.w.org\/{rel}","templated":true}]}}